t - 454922. Calculate b(7).
-111
Let n(a) = -a**2 - 250134*a - 1500773. Calculate n(-6).
-5
Let y(a) = -3*a**3 - 22*a**2 - 96*a - 56. Give y(-4).
168
Let i(p) = 17402*p - 51717. Give i(3).
489
Let w(d) = 16*d**2 + 111*d - 19. Determine w(6).
1223
Let l(c) = -c**2 + 851*c - 40716. What is l(51)?
84
Let x(s) = -s**3 - 228*s**2 - 5598*s + 397. Calculate x(-200).
-3
Let t(l) = -231*l - 3907. Calculate t(-16).
-211
Let d(r) = -r**3 + 743*r**2 - 26786*r - 147. Give d(38).
5
Let s(b) = b**3 - 314*b**2 - 1270*b - 327. Calculate s(318).
309
Let o(k) = 87*k**2 + 601*k - 42. What is o(-7)?
14
Let f(o) = -3*o**3 - 655*o**2 - 219*o - 248. Give f(-218).
-30
Let j(p) = 15*p**3 - 124*p**2 - 70*p + 58. Calculate j(-1).
-11
Let l(s) = -13*s - 1631. Determine l(-98).
-357
Let w(x) = 16294*x - 456256. Determine w(28).
-24
Let y(z) = 494434*z - 51421140. What is y(104)?
-4
Let s(x) = 160661*x - 160656. Calculate s(1).
5
Let m(r) = -43*r**2 + 1513*r - 8472. Calculate m(7).
12
Let d(s) = s**3 + 18*s**2 + 36*s - 71. Determine d(-15).
64
Let o(p) = -369*p**2 - 25*p + 13. Give o(3).
-3383
Let j(k) = -6978*k - 173870. Calculate j(-25).
580
Let x(a) = -26*a**3 + 828*a**2 + 160*a + 119. What is x(32)?
1143
Let k(a) = a**3 - 31*a**2 - 240*a - 6976. Determine k(41).
-6
Let n(j) = -11619*j - 197522. Calculate n(-17).
1
Let t(h) = 11*h**2 + 76*h - 908. Determine t(0).
-908
Let h(r) = 5*r**2 + 234*r - 4486. What is h(17)?
937
Let q(d) = d**3 + 21*d**2 - 1291*d + 532. What is q(-48)?
292
Let p(m) = -66096*m + 84140214. Calculate p(1273).
6
Let a(h) = 2*h**2 + 2025*h - 16156. Give a(8).
172
Let c(z) = 6*z**2 - 17853*z + 71316. Determine c(4).
0
Let w(b) = -56*b + 47. Determine w(-2).
159
Let l(v) = v**3 - 80*v**2 - 108*v - 4542. Determine l(82).
50
Let n(i) = i**3 - 44*i**2 - 2041*i + 1874. Determine n(72).
74
Let x(z) = -2417410*z + 19339270. Calculate x(8).
-10
Let r(y) = -6443*y + 51601. Calculate r(8).
57
Let n(v) = v**2 - 197*v + 10481. Determine n(77).
1241
Let r(i) = -5*i**3 - 248*i**2 - 89*i + 2948. Determine r(-49).
106
Let r(w) = 625*w**2 + 350*w - 281. Give r(-1).
-6
Let g(o) = 3*o**2 - 63*o + 728. Give g(18).
566
Let m(h) = -372*h**3 - 4*h**2 - 65*h + 72. What is m(1)?
-369
Let w(n) = n**3 + 17*n**2 + 10*n + 64. Calculate w(-19).
-848
Let t(q) = -q**2 - 58364*q - 2158104. Give t(-37).
-5
Let l(i) = -i**3 - 105*i**2 - 663*i - 69489. What is l(-105)?
126
Let j(w) = -41*w**2 - 4*w - 312. What is j(-5)?
-1317
Let k(t) = -t**3 + 726*t**2 - 2896*t - 8. Calculate k(4).
-40
Let c(w) = -w**3 + 70*w**2 + 225*w - 459. Calculate c(73).
-21
Let y(q) = -2*q**2 + 341*q - 7199. Determine y(162).
-4445
Let y(a) = -a**2 - 77*a + 1100. What is y(-91)?
-174
Let n(t) = 57*t**2 + 420*t + 3265. Calculate n(-8).
3553
Let l(g) = -330895*g - 14228487. Calculate l(-43).
-2
Let c(a) = 4*a**3 + 106*a**2 - 10*a + 91. Determine c(-27).
-1097
Let a(b) = -68*b**2 - 493*b + 458. Determine a(-8).
50
Let t(k) = -721229*k - 2884833. Calculate t(-4).
83
Let x(s) = 24*s**3 + 164*s**2 + 65*s + 656. Calculate x(-7).
5
Let a(z) = -5*z**2 + 1798*z - 44293. Give a(333).
-4
Let c(t) = 6*t**3 - 18*t**2 + 50*t - 157. Determine c(3).
-7
Let c(u) = u**2 - 8*u - 15816. Determine c(130).
44
Let s(r) = 22*r**2 - 7695*r + 5644. Determine s(349).
-289
Let t(x) = 24025*x + 240237. What is t(-10)?
-13
Let m(d) = -28*d**2 + 2931*d - 1876. Give m(104).
100
Let t(o) = -25153*o - 17657413. Give t(-702).
-7
Let d(z) = -44579*z + 43949. Give d(1).
-630
Let y(v) = 95*v**2 - 15693*v + 2928. What is y(165)?
-42
Let c(x) = x**3 - 3*x**2 - 225*x + 872. Determine c(4).
-12
Let w(j) = -1220*j - 102538. Give w(-84).
-58
Let n(h) = -2*h**3 - 778*h**2 + 4730*h - 3967. Give n(-395).
-17
Let w(c) = -4*c**3 - 6697*c**2 + 18478*c + 51992. Calculate w(-1677).
5
Let w(k) = 12*k**2 + 140*k + 13. Determine w(-9).
-275
Let o(d) = -2*d**3 - 6*d**2 - 110*d - 98. Calculate o(0).
-98
Let g(n) = 12*n**3 + 9*n**2 + 36*n + 126. What is g(-5)?
-1329
Let w(b) = 36411*b + 873849. What is w(-24)?
-15
Let x(u) = -u**2 + 922*u + 10305. Calculate x(-11).
42
Let p(f) = -4*f**3 + 64*f**2 + 419*f + 34. What is p(21)?
13
Let x(g) = -175*g + 5095. Give x(21).
1420
Let p(d) = 2*d**3 - 159*d**2 + 196*d + 457. Determine p(78).
-2507
Let d(u) = -6876*u**2 + 41252*u + 18. Determine d(6).
-6
Let j(d) = -d**3 + 260*d**2 + 1527*d - 410. Give j(-6).
4
Let d(r) = 973*r + 26373. Calculate d(-27).
102
Let k(g) = -32*g**2 + 2775*g - 9847. Give k(83).
30
Let x(o) = o**2 - 5026*o + 25105. Determine x(5).
0
Let c(p) = -7*p**3 + 3223*p**2 - 1319*p - 28063. Determine c(460).
-3
Let g(r) = 67*r**2 - 5358*r - 200. Give g(80).
-40
Let c(p) = p**2 - 3939*p + 43095. Determine c(11).
-113
Let q(x) = -4*x**3 + 590*x**2 + 317*x - 2496. Calculate q(148).
612
Let b(o) = 576*o + 25836. Determine b(-45).
-84
Let m(y) = -y**2 - 27*y + 1367. Determine m(-50).
217
Let i(c) = -106081*c - 3182432. Calculate i(-30).
-2
Let v(w) = -w**3 + 8*w**2 - 8464*w + 59180. Calculate v(7).
-19
Let h(u) = -165*u - 19149. Calculate h(-121).
816
Let x(n) = 7*n**2 - 225*n - 14202. Calculate x(64).
70
Let c(u) = 9345*u + 18981. Calculate c(-2).
291
Let z(w) = -w**3 - 118*w**2 - 99*w + 16376. Calculate z(-116).
948
Let d(q) = -q**3 + 20*q**2 + 740*q + 168. Give d(39).
129
Let h(n) = n**2 - 9249*n + 92423. Calculate h(10).
33
Let j(r) = 2*r**3 + 591*r**2 + 877*r - 1336. Give j(-294).
134
Let q(s) = s**3 + 268*s**2 + 4045*s + 3084. Calculate q(-252).
-192
Let a(c) = c**3 + 48*c**2 - 11140*c + 4341. Calculate a(84).
-27
Let b(p) = 1284*p + 98872. Give b(-77).
4
Let o(t) = 8301*t - 133041. Calculate o(16).
-225
Let i(k) = 5*k**3 + 40*k**2 + 2*k - 22. What is i(-7)?
209
Let p(q) = 453*q + 29847. Determine p(-66).
-51
Let y(l) = -l**2 - 6723*l - 300478. What is y(-45)?
32
Let g(a) = 623*a + 120300. Give g(-191).
1307
Let u(k) = 2*k**2 + 408*k - 28030. Determine u(64).
6274
Let i(c) = 491*c**2 + 1087*c - 3. What is i(-2)?
-213
Let r(b) = -126*b + 4409. What is r(48)?
-1639
Let y(i) = 59*i**2 - 279*i - 348. Determine y(6).
102
Let b(s) = 371*s**2 - 1723*s + 2. Calculate b(4).
-954
Let s(n) = -21411*n - 21413. What is s(-1)?
-2
Let u(s) = -4*s**2 + 10982*s + 776795. What is u(-69)?
-7
Let c(s) = -1470*s**2 + 839*s + 1677. What is c(-2)?
-5881
Let f(l) = -l**3 + 31*l**2 - 13*l - 364. Give f(30).
146
Let h(v) = -626*v**2 - 23170*v - 45. What is h(-37)?
251
Let z(o) = -12*o**3 - 371*o**2 + 2195*o - 47. Calculate z(-36).
-11
Let l(f) = f**2 + 13490*f - 1798100. Calculate l(132).
4
Let y(b) = 46*b**2 - 1429*b - 21276. Give y(-11).
9
Let u(p) = -16*p**3 - 50*p**2 + 22*p + 85. What is u(-3)?
1
Let b(m) = -20*m + 203. Calculate b(28).
-357
Let k(h) = 20*h**3 - 295*h**2 - 58*h - 250. What is k(15)?
5
Let x(b) = -2*b**2 + 118*b + 136072. Give x(-233).
0
Let c(s) = 2191*s**2 - 19646*s - 689. What is c(9)?
-32
Let b(s) = -184*s**3 + 6633*s - 6632. Determine b(1).
-183
Let v(u) = 1754*u + 2369. Calculate v(-1).
615
Let r(l) = 77*l - 5978. Give r(79).
105
Let g(d) = -1865*d + 673290. Calculate g(361).
25
Let a(w) = 8052*w + 1716. Give a(-1).
-6336
Let o(g) = -2066*g - 5451. Give o(-3).
747
Let b(y) = y**3 - 85*y**2 - 784*y + 66750. Determine b(85).
110
Let b(d) = -6*d**2 - 311*d + 79398. Calculate b(92).
2
Let q(y) = -y**3 - 288*y**2 + 1427*y - 11538. Calculate q(-293).
-404
Let r(q) = -q**2 + 2133*q + 12791. What is r(-6)?
-43
Let y(s) = -3012*s + 23991. Determine y(8).
-105
Let v(c) = c**3 + 47*c**2 + 442*c - 8. Determine v(-13).
-8
Let z(c) = c**2 - 372*c - 7873. Determine z(-20).
-33
Let w(x) = -180030*x - 540098. Calculate w(-3).
-8
Let u(g) = -1079*g**2 + 748828*g - 1387. Determine u(694).
1
Let z(q) = 8*q**3 - 3394*q + 7. What is z(0)?
7
Let p(x) = 5*x**3 + 47*x**2 + 182*x + 382. What is p(-7)?
-304
Let n(h) = -1884*h + 98225. Determine n(52).
257
Let g(f) = -18*f**2 - 712*f - 3590. Give g(-34).
-190
Let u(k) = -k**3 - 229*k**2 + 233*k + 301. Give u(-230).
-389
Let u(o) = o**3 + 68*o**2 - 23*o - 1760. Determine u(-68).
-196
Let n(q) = 3*q**3 + 65*q**2 + 41*q + 334. Calculate n(-21).
355
Let w(m) = m**3 + 93*m**2 - 11573*m - 1076287. Calculate w(-93).
2
Let l(s) = -10*s**2 + 37*s + 796. Calculate l(-9).
-347
Let s(a) = -475*a**2 + 9977*a - 12. Give s(21).
30
Let u(a) = -9*a**2 + 103*a - 456. Calculate u(5).
-166
Let z(m) = 2*m**2